p + 84. What is the greatest common divisor of p and 84?
28
Suppose 3*x - 437 = 46. Suppose -2*b - 4 = 2*b, 2*v = 2*b + 48. What is the greatest common factor of v and x?
23
Let s(g) = 2*g**2 - 6*g + 3. Let u be 4 + -8 + 2*4. Let a be s(u). Calculate the highest common divisor of a and 1.
1
Let k = 323 - 232. What is the highest common factor of k and 49?
7
Let s = -36 - -58. Let q(z) = z**3 + 11*z**2 + 9*z + 13. Let g be q(-10). Let l = 34 - g. Calculate the highest common divisor of l and s.
11
Suppose 0 = 3*h - 3*y - 2700, 4*h - 3023 = y + 565. Calculate the greatest common factor of 128 and h.
128
Let g be 46*1 + -1 + 3. Suppose -7*z - z + g = 0. Calculate the highest common factor of z and 60.
6
Suppose 0 = 2*q - 5*q + 48. Suppose 0 = 44*b - 545 - 863. Let z be b*(q/4 - 2). What is the greatest common divisor of 16 and z?
16
Suppose 6*w + 652 = 814. What is the highest common divisor of w and 297?
27
Suppose -4*j - 4*d = -4, -4*d - 1 = 2*j + 1. What is the highest common factor of j and 57?
3
Suppose -16 = -5*r + 29. Let l(y) = y**3 - 8*y**2 + 16*y - 4. Let b be l(5). Calculate the greatest common divisor of r and b.
1
Let q be -2 - (3 + -2)*-3. Suppose -51 + 191 = -2*m. Let p = 73 + m. Calculate the greatest common divisor of p and q.
1
Let w = 346 + -218. Calculate the highest common factor of w and 16.
16
Let u be (1 - 1)/2 - -5. Suppose w - 29 = -u*i + 120, 3*w - 431 = i. What is the greatest common factor of w and 18?
18
Let w(q) = -3*q**3 + 2*q**2 + 5*q + 7. Let o be w(-3). What is the highest common factor of o and 26?
13
Let s be 5/(10/(-2)) + 3. Let j = 6 - 0. What is the greatest common factor of j and s?
2
Let x = -26 + 28. Suppose -2*d + 340 = 3*s, s + x*d + 210 = 3*s. Suppose -5*f + 2*f = -30. Calculate the highest common divisor of s and f.
10
Suppose -24 = 24*r - 28*r, -2*u = 2*r - 100. Suppose -2*i + 0*i - s = -707, 0 = 5*i + 2*s - 1766. Calculate the greatest common factor of u and i.
44
Suppose 2*m - j - 74 = 0, -m - 172 = -6*m - 4*j. Calculate the greatest common divisor of m and 576.
36
Suppose 4*g - 3*x - 3189 = 0, -3*g + 3245 - 832 = 2*x. What is the highest common factor of g and 178?
89
Let z = -117 + 64. Let h = z - -30. Let q = 68 + h. What is the highest common factor of q and 30?
15
Suppose 0 = -34*i + 30*i + 96. What is the highest common factor of i and 24?
24
Let f(m) = -m. Suppose 0 = 3*p - 3 + 6. Let v be f(p). What is the greatest common divisor of 2 and v?
1
Let z = 119 - 114. Suppose z*o - 2*x - 673 = 0, -4*x + 44 = 3*o - 365. Calculate the greatest common divisor of 27 and o.
27
Suppose 8*r - 3*r - 1424 = -4*s, -2*s + 718 = r. Calculate the highest common factor of s and 19.
19
Suppose 5*k + 0*h = -4*h - 1353, -3*h + 1339 = -5*k. Let n = k - -469. Suppose -n = -8*r + 4*r. What is the highest common factor of 20 and r?
10
Suppose -h - 3*h + 104 = 0. Suppose 4*x + 10 = 5*x. Let a = h - x. What is the highest common divisor of 16 and a?
16
Suppose v - 45 = -2*v. Let q be 1*(13 + -3 + -3). Let a(o) = 2*o**2 - 2*o + 21. Let c be a(q). What is the greatest common divisor of c and v?
15
Suppose -31*u + 883 + 2589 = 0. Calculate the greatest common divisor of 49 and u.
7
Let n be ((-17)/(-34))/((-1)/4) - -42. What is the highest common divisor of 5 and n?
5
Suppose 0 = 4*a - 13 + 5. Suppose -3*m - 2*w = -860, 0*w + w + 578 = a*m. What is the greatest common factor of 36 and m?
36
Let r be (-26)/(-3 + -2 + 3). Let t be 12/(-9)*18/(-4). Let n be 1930/15 + 8/t. What is the greatest common divisor of r and n?
13
Suppose -1 = w - 4*o - 3, -4*w + 108 = 4*o. Let t be -6*3/(-12)*22. Calculate the highest common factor of w and t.
11
Suppose -2*w = -2*y + 14, 0*y - 5*w = -4*y + 26. What is the greatest common factor of y and 24?
3
Let g(v) = -7*v + 2. Let z be g(2). Let p = z + 14. Calculate the highest common factor of p and 6.
2
Let a = -217 - -310. Let g be 1/((-185)/62 - -3). What is the greatest common factor of a and g?
31
Suppose 5*m - 9 = -3*f, -4*f = 4*m - 2*f - 8. Suppose -3*d + 10 = -z, m*z - 2 = -2*d + 6*z. What is the highest common factor of d and 8?
4
Suppose -2*l - 5*g + 0 = -2, 0 = 5*l + 5*g + 10. Let y be 14/6*(l + 49). Calculate the highest common factor of y and 35.
35
Suppose 3 = h - 3. Let p be 1/(-2) + 45/h. Calculate the greatest common divisor of p and 28.
7
Suppose 16*g + 2358 = -2*g. Let o = g - -139. Let j = 117 - 69. Calculate the highest common factor of j and o.
8
Let s(o) = o**2 - 5*o - 5. Let r be s(7). Let x = 33 - r. Let h = 36 - x. What is the greatest common factor of h and 12?
12
Suppose -3*g = 0, 3*g + 2 = -3*w + 65. What is the highest common factor of w and 77?
7
Suppose 5*k + 4*w = 18, 2*k - 7*k - 3*w = -16. Suppose k*u = -0*u, 3*g - 435 = -4*u. Calculate the highest common divisor of g and 58.
29
Suppose 0 = -5*o - 21 + 6, -3*t - 2*o = -570. What is the greatest common factor of t and 24?
24
Suppose 5*s = 18 - 3. Let a be (-2)/s*(-40)/15*9. Calculate the greatest common factor of 40 and a.
8
Suppose -c + 43 = -3*z, -3*z = 2*c - 2*z - 51. Let a(s) = s**3 + 1 + 2*s - 2*s**3 - s. Let x be a(-2). What is the greatest common divisor of c and x?
7
Let a be ((-560)/15)/8*(-45)/3. Suppose 5*j - j + 2*l = 12, 8 = 4*l. Suppose 3 = -m + 3*n + 1, 26 = j*m + 4*n. What is the greatest common divisor of a and m?
7
Let o = 59 + -61. Let y(g) = 5*g**2 - 8*g - 4. Let c be y(o). What is the greatest common factor of 8 and c?
8
Suppose 0 = -2087*a + 2086*a + 217. What is the highest common factor of 496 and a?
31
Suppose -46*q = -43*q - 36. What is the highest common divisor of 96 and q?
12
Let i = 3 + 347. Suppose v - 5*w - 126 = 0, -i = -3*v - 4*w + 28. Calculate the greatest common divisor of v and 14.
14
Let x be (-11)/(-6) + 1/6. Suppose 16 = -0*o + x*o. Let i be 35/84*21 + 3/(-4). Calculate the highest common divisor of i and o.
8
Let q be 5/(10/6826) - 9. What is the highest common divisor of q and 92?
92
Let n(l) = l**3 + 16*l**2 - 2*l + 1. Let t be n(-16). Suppose -4*w = -31 - t. Calculate the greatest common factor of 16 and w.
16
Let l be 42/10 - (-2)/(-10). Suppose -l*g - 2992 = -2*o, 7*o = 3*g + 2*o + 2237. Let i be (-2)/7 - g/49. Calculate the greatest common factor of 120 and i.
15
Suppose 5*k + 9*l - 150 = 4*l, -3 = -l. Let z = 5 + -3. Suppose 0 = -z*j + 17 + 1. What is the greatest common factor of k and j?
9
Let w = 277 + -209. Calculate the greatest common divisor of w and 17.
17
Suppose 84 = -92*o + 96*o. What is the highest common factor of o and 735?
21
Suppose -2*t = -t - 45. Suppose -35 = -5*c - 3*s, 0 = -2*c + 6*s - 11*s - 5. What is the greatest common divisor of t and c?
5
Let i(d) = 5*d + 101. Let p be i(11). What is the greatest common divisor of 12 and p?
12
Suppose g - 151 = -3*r, -3*r + 152 = 7*g - 5*g. Calculate the highest common divisor of r and 275.
25
Suppose 3*q + q - 3*u - 24 = 0, 0 = 5*u. Suppose -h = -9 - q. Let m = 136 - h. Calculate the greatest common factor of 11 and m.
11
Suppose -22*y + 5027 = -5313. What is the greatest common divisor of 70 and y?
10
Let x be (-2 - -4) + (2 - 1). Let d(m) = 6 - 8 + 4*m - 10 - 3*m. Let f be d(13). What is the greatest common factor of f and x?
1
Let m be 12 + -9 - 62/(-1). Suppose -17 = 2*l - m. Calculate the greatest common divisor of l and 8.
8
Suppose 0 = -5*d - 15, 11 = -4*y + 2*y - 5*d. Suppose -3*r = 2*s - y*r - 56, 4*s + r - 112 = 0. Calculate the greatest common divisor of s and 7.
7
Let w = -10 - -18. Suppose 4*i - 6*i = -w. Let u be (-35)/(-5) + -8 - (-3 - 18). What is the greatest common divisor of u and i?
4
Let m = 1 + 45. Suppose -2*s + s = -4*q + m, 5*q - 57 = s. Suppose -q + 2 = -3*y. What is the greatest common factor of 21 and y?
3
Let t = -157 - -528. Calculate the highest common divisor of t and 35.
7
Suppose -v + 4 = 2*n, v + 2*v = -2*n. Let o = n + 33. Suppose -o + 6 = -m. Calculate the greatest common divisor of m and 270.
30
Let g = -2038 + 2089. Calculate the highest common divisor of g and 1887.
51
Suppose 4*v - 10 + 26 = -2*x, -12 = 2*x + 5*v. Let s = -4 - -45. Let w = x + s. Calculate the greatest common factor of w and 5.
5
Suppose -8*k + 82 = -198. Let b be (20/(-8))/(2/(-4)). Calculate the highest common divisor of k and b.
5
Let a = -15 + 15. Suppose -12*z + 412 - 76 = a. Calculat